{"id":420,"date":"2022-09-23T10:11:46","date_gmt":"2022-09-23T08:11:46","guid":{"rendered":"http:\/\/catpied.fr\/?page_id=420"},"modified":"2023-10-06T16:29:19","modified_gmt":"2023-10-06T14:29:19","slug":"cours","status":"publish","type":"page","link":"https:\/\/catpied.fr\/?page_id=420","title":{"rendered":"cours"},"content":{"rendered":"\t\t<div data-elementor-type=\"wp-page\" data-elementor-id=\"420\" class=\"elementor elementor-420\">\n\t\t\t\t\t\t\t\t\t<section class=\"elementor-section elementor-top-section elementor-element elementor-element-ac4fff3 elementor-section-boxed elementor-section-height-default elementor-section-height-default\" data-id=\"ac4fff3\" data-element_type=\"section\">\n\t\t\t\t\t\t<div class=\"elementor-container elementor-column-gap-default\">\n\t\t\t\t\t<div class=\"elementor-column elementor-col-100 elementor-top-column elementor-element elementor-element-f5e48bd\" data-id=\"f5e48bd\" data-element_type=\"column\">\n\t\t\t<div class=\"elementor-widget-wrap elementor-element-populated\">\n\t\t\t\t\t\t\t\t<div class=\"elementor-element elementor-element-3a06c08 elementor-widget elementor-widget-heading\" data-id=\"3a06c08\" data-element_type=\"widget\" data-widget_type=\"heading.default\">\n\t\t\t\t<div class=\"elementor-widget-container\">\n\t\t\t<h2 class=\"elementor-heading-title elementor-size-default\">\u00catre artisan c'est aussi transmettre<\/h2>\t\t<\/div>\n\t\t\t\t<\/div>\n\t\t\t\t<div class=\"elementor-element elementor-element-eb350d3 elementor-widget elementor-widget-text-editor\" data-id=\"eb350d3\" data-element_type=\"widget\" data-widget_type=\"text-editor.default\">\n\t\t\t\t<div class=\"elementor-widget-container\">\n\t\t\t\t\t\t\t<p style=\"text-align: left;\">Nous avons \u00e0 coeur d&rsquo;int\u00e9resser la jeune g\u00e9n\u00e9ration aux m\u00e9tiers du secteur de la mode qui ne se limitent pas au styliste et au mod\u00e9liste. Une entreprise de mode emploie des chefs de produit, des directeurs de collection, des prototypeurs, des graphistes &#8230;<br \/>Nous souhaitons \u00e9galement transmettre nos savoirs \u00e0 toute personne d\u00e9sireuse de s&rsquo;initier \u00e0 la couture, que ce soit pour r\u00e9parer un v\u00eatement, transformer sa garde-robe ou cr\u00e9er un nouveau mod\u00e8le.<br \/>Les cours ont lieu \u00e0 l&rsquo;atelier, dans une maison du centre-ville de Lorient ; en petits groupes de 5 personnes maximum.<\/p>\t\t\t\t\t\t<\/div>\n\t\t\t\t<\/div>\n\t\t\t\t\t<\/div>\n\t\t<\/div>\n\t\t\t\t\t\t\t<\/div>\n\t\t<\/section>\n\t\t\t\t<section class=\"elementor-section elementor-top-section elementor-element elementor-element-17a05cc elementor-section-boxed elementor-section-height-default elementor-section-height-default\" data-id=\"17a05cc\" data-element_type=\"section\">\n\t\t\t\t\t\t<div class=\"elementor-container elementor-column-gap-default\">\n\t\t\t\t\t<div class=\"elementor-column elementor-col-50 elementor-top-column elementor-element elementor-element-734d029\" data-id=\"734d029\" data-element_type=\"column\">\n\t\t\t<div class=\"elementor-widget-wrap elementor-element-populated\">\n\t\t\t\t\t\t\t\t<div class=\"elementor-element elementor-element-466b5fa elementor-widget elementor-widget-heading\" data-id=\"466b5fa\" data-element_type=\"widget\" data-widget_type=\"heading.default\">\n\t\t\t\t<div class=\"elementor-widget-container\">\n\t\t\t<h2 class=\"elementor-heading-title elementor-size-default\">stages intensifs<\/h2>\t\t<\/div>\n\t\t\t\t<\/div>\n\t\t\t\t<div class=\"elementor-element elementor-element-d9b6f32 elementor-widget elementor-widget-text-editor\" data-id=\"d9b6f32\" data-element_type=\"widget\" data-widget_type=\"text-editor.default\">\n\t\t\t\t<div class=\"elementor-widget-container\">\n\t\t\t\t\t\t\t<p>quatre stages diff\u00e9rents, tout au long de l&rsquo;ann\u00e9e pendant les vacances scolaires<\/p>\t\t\t\t\t\t<\/div>\n\t\t\t\t<\/div>\n\t\t\t\t<div class=\"elementor-element elementor-element-598a10a elementor-widget elementor-widget-text-editor\" data-id=\"598a10a\" data-element_type=\"widget\" data-widget_type=\"text-editor.default\">\n\t\t\t\t<div class=\"elementor-widget-container\">\n\t\t\t\t\t\t\t<p>Apprendre \u00e0 conna\u00eetre son univers cr\u00e9atif personnel, comprendre comment l&rsquo;enrichir et savoir en parler.<br \/>D\u00e9couvrir le milieu de la mode, son histoire, son fonctionnement, sa culture. Appr\u00e9hender les diff\u00e9rentes composantes d&rsquo;un v\u00eatement : corps, volume, mati\u00e8re, couleurs.<br \/>Utiliser l&rsquo;upcycling comme un outil pour cr\u00e9er de nouveaux mod\u00e8les.<br \/>Pr\u00e9parer son portfolio.<br \/>Autant de sujets qui sont abord\u00e9s dans ces stages &#8230;<\/p>\t\t\t\t\t\t<\/div>\n\t\t\t\t<\/div>\n\t\t\t\t<div class=\"elementor-element elementor-element-e54356b elementor-align-center elementor-widget elementor-widget-button\" data-id=\"e54356b\" data-element_type=\"widget\" data-widget_type=\"button.default\">\n\t\t\t\t<div class=\"elementor-widget-container\">\n\t\t\t\t\t<div class=\"elementor-button-wrapper\">\n\t\t\t<a class=\"elementor-button elementor-button-link elementor-size-sm\" href=\"https:\/\/catpied.fr\/?page_id=677\">\n\t\t\t\t\t\t<span class=\"elementor-button-content-wrapper\">\n\t\t\t\t\t\t<span class=\"elementor-button-text\">en savoir plus<\/span>\n\t\t<\/span>\n\t\t\t\t\t<\/a>\n\t\t<\/div>\n\t\t\t\t<\/div>\n\t\t\t\t<\/div>\n\t\t\t\t\t<\/div>\n\t\t<\/div>\n\t\t\t\t<div class=\"elementor-column elementor-col-50 elementor-top-column elementor-element elementor-element-af11597\" data-id=\"af11597\" data-element_type=\"column\">\n\t\t\t<div class=\"elementor-widget-wrap elementor-element-populated\">\n\t\t\t\t\t\t\t\t<div class=\"elementor-element elementor-element-929c0f0 elementor-widget elementor-widget-image\" data-id=\"929c0f0\" data-element_type=\"widget\" data-widget_type=\"image.default\">\n\t\t\t\t<div class=\"elementor-widget-container\">\n\t\t\t\t\t\t\t\t\t\t\t\t\t\t\t<img decoding=\"async\" loading=\"lazy\" width=\"300\" height=\"300\" src=\"https:\/\/catpied.fr\/wp-content\/uploads\/2022\/10\/flyer--300x300.png\" class=\"attachment-medium size-medium wp-image-668\" alt=\"\" srcset=\"https:\/\/catpied.fr\/wp-content\/uploads\/2022\/10\/flyer--300x300.png 300w, https:\/\/catpied.fr\/wp-content\/uploads\/2022\/10\/flyer--1024x1020.png 1024w, https:\/\/catpied.fr\/wp-content\/uploads\/2022\/10\/flyer--150x150.png 150w, https:\/\/catpied.fr\/wp-content\/uploads\/2022\/10\/flyer--768x765.png 768w, https:\/\/catpied.fr\/wp-content\/uploads\/2022\/10\/flyer--1536x1531.png 1536w, https:\/\/catpied.fr\/wp-content\/uploads\/2022\/10\/flyer--600x598.png 600w, https:\/\/catpied.fr\/wp-content\/uploads\/2022\/10\/flyer--100x100.png 100w, https:\/\/catpied.fr\/wp-content\/uploads\/2022\/10\/flyer-.png 1707w\" sizes=\"(max-width: 300px) 100vw, 300px\" \/>\t\t\t\t\t\t\t\t\t\t\t\t\t\t\t<\/div>\n\t\t\t\t<\/div>\n\t\t\t\t\t<\/div>\n\t\t<\/div>\n\t\t\t\t\t\t\t<\/div>\n\t\t<\/section>\n\t\t\t\t<section class=\"elementor-section elementor-top-section elementor-element elementor-element-5e89255 elementor-section-boxed elementor-section-height-default elementor-section-height-default\" data-id=\"5e89255\" data-element_type=\"section\">\n\t\t\t\t\t\t<div class=\"elementor-container elementor-column-gap-default\">\n\t\t\t\t\t<div class=\"elementor-column elementor-col-50 elementor-top-column elementor-element elementor-element-906ac31\" data-id=\"906ac31\" data-element_type=\"column\">\n\t\t\t<div class=\"elementor-widget-wrap elementor-element-populated\">\n\t\t\t\t\t\t\t\t<div class=\"elementor-element elementor-element-5c93981 elementor-widget elementor-widget-heading\" data-id=\"5c93981\" data-element_type=\"widget\" data-widget_type=\"heading.default\">\n\t\t\t\t<div class=\"elementor-widget-container\">\n\t\t\t<h2 class=\"elementor-heading-title elementor-size-default\">r\u00e9paration- transformation<\/h2>\t\t<\/div>\n\t\t\t\t<\/div>\n\t\t\t\t<div class=\"elementor-element elementor-element-7edf162 elementor-widget elementor-widget-text-editor\" data-id=\"7edf162\" data-element_type=\"widget\" data-widget_type=\"text-editor.default\">\n\t\t\t\t<div class=\"elementor-widget-container\">\n\t\t\t\t\t\t\t<p>le lundi de 17h00 \u00e0 19h00<\/p>\t\t\t\t\t\t<\/div>\n\t\t\t\t<\/div>\n\t\t\t\t<div class=\"elementor-element elementor-element-13941ee elementor-widget elementor-widget-text-editor\" data-id=\"13941ee\" data-element_type=\"widget\" data-widget_type=\"text-editor.default\">\n\t\t\t\t<div class=\"elementor-widget-container\">\n\t\t\t\t\t\t\t<p>R\u00e9parer, rapi\u00e9cer, consolider, modifier &#8230;<br \/>Quel que soit votre besoin, nous trouvons des solutions pour que vous puissiez continuer \u00e0 porter vos v\u00eatements plus longtemps.<\/p>\t\t\t\t\t\t<\/div>\n\t\t\t\t<\/div>\n\t\t\t\t<div class=\"elementor-element elementor-element-e403aaa elementor-align-center elementor-widget elementor-widget-button\" data-id=\"e403aaa\" data-element_type=\"widget\" data-widget_type=\"button.default\">\n\t\t\t\t<div class=\"elementor-widget-container\">\n\t\t\t\t\t<div class=\"elementor-button-wrapper\">\n\t\t\t<a class=\"elementor-button elementor-button-link elementor-size-sm\" href=\"https:\/\/catpied.fr\/?page_id=959\">\n\t\t\t\t\t\t<span class=\"elementor-button-content-wrapper\">\n\t\t\t\t\t\t<span class=\"elementor-button-text\">en savoir plus<\/span>\n\t\t<\/span>\n\t\t\t\t\t<\/a>\n\t\t<\/div>\n\t\t\t\t<\/div>\n\t\t\t\t<\/div>\n\t\t\t\t\t<\/div>\n\t\t<\/div>\n\t\t\t\t<div class=\"elementor-column elementor-col-50 elementor-top-column elementor-element elementor-element-e2c0b25\" data-id=\"e2c0b25\" data-element_type=\"column\">\n\t\t\t<div class=\"elementor-widget-wrap elementor-element-populated\">\n\t\t\t\t\t\t\t\t<div class=\"elementor-element elementor-element-4e7158a elementor-widget elementor-widget-image\" data-id=\"4e7158a\" data-element_type=\"widget\" data-widget_type=\"image.default\">\n\t\t\t\t<div class=\"elementor-widget-container\">\n\t\t\t\t\t\t\t\t\t\t\t\t\t\t\t<img decoding=\"async\" loading=\"lazy\" width=\"300\" height=\"300\" src=\"https:\/\/catpied.fr\/wp-content\/uploads\/2022\/10\/patron-300x300.png\" class=\"attachment-medium size-medium wp-image-667\" alt=\"\" srcset=\"https:\/\/catpied.fr\/wp-content\/uploads\/2022\/10\/patron-300x300.png 300w, https:\/\/catpied.fr\/wp-content\/uploads\/2022\/10\/patron-1024x1024.png 1024w, https:\/\/catpied.fr\/wp-content\/uploads\/2022\/10\/patron-150x150.png 150w, https:\/\/catpied.fr\/wp-content\/uploads\/2022\/10\/patron-768x768.png 768w, https:\/\/catpied.fr\/wp-content\/uploads\/2022\/10\/patron-1536x1536.png 1536w, https:\/\/catpied.fr\/wp-content\/uploads\/2022\/10\/patron-600x600.png 600w, https:\/\/catpied.fr\/wp-content\/uploads\/2022\/10\/patron-100x100.png 100w, https:\/\/catpied.fr\/wp-content\/uploads\/2022\/10\/patron.png 1820w\" sizes=\"(max-width: 300px) 100vw, 300px\" \/>\t\t\t\t\t\t\t\t\t\t\t\t\t\t\t<\/div>\n\t\t\t\t<\/div>\n\t\t\t\t\t<\/div>\n\t\t<\/div>\n\t\t\t\t\t\t\t<\/div>\n\t\t<\/section>\n\t\t\t\t<section class=\"elementor-section elementor-top-section elementor-element elementor-element-ae84364 elementor-section-boxed elementor-section-height-default elementor-section-height-default\" data-id=\"ae84364\" data-element_type=\"section\">\n\t\t\t\t\t\t<div class=\"elementor-container elementor-column-gap-default\">\n\t\t\t\t\t<div class=\"elementor-column elementor-col-50 elementor-top-column elementor-element elementor-element-6af8291\" data-id=\"6af8291\" data-element_type=\"column\">\n\t\t\t<div class=\"elementor-widget-wrap elementor-element-populated\">\n\t\t\t\t\t\t\t\t<div class=\"elementor-element elementor-element-9a915e2 elementor-widget elementor-widget-heading\" data-id=\"9a915e2\" data-element_type=\"widget\" data-widget_type=\"heading.default\">\n\t\t\t\t<div class=\"elementor-widget-container\">\n\t\t\t<h2 class=\"elementor-heading-title elementor-size-default\">initiation au stylisme<\/h2>\t\t<\/div>\n\t\t\t\t<\/div>\n\t\t\t\t<div class=\"elementor-element elementor-element-95b2f6e elementor-widget elementor-widget-text-editor\" data-id=\"95b2f6e\" data-element_type=\"widget\" data-widget_type=\"text-editor.default\">\n\t\t\t\t<div class=\"elementor-widget-container\">\n\t\t\t\t\t\t\t<p>le mercredi, 14h00-16h00 ou 16h30-18h30<\/p>\t\t\t\t\t\t<\/div>\n\t\t\t\t<\/div>\n\t\t\t\t<div class=\"elementor-element elementor-element-ebb0b4c elementor-widget elementor-widget-text-editor\" data-id=\"ebb0b4c\" data-element_type=\"widget\" data-widget_type=\"text-editor.default\">\n\t\t\t\t<div class=\"elementor-widget-container\">\n\t\t\t\t\t\t\t<p>Ces ateliers permettent de comprendre et mettre en pratique les outils et processus de la cr\u00e9ation au sens large, et du design de mode en particulier.<\/p>\t\t\t\t\t\t<\/div>\n\t\t\t\t<\/div>\n\t\t\t\t<div class=\"elementor-element elementor-element-d7acf51 elementor-align-center elementor-widget elementor-widget-button\" data-id=\"d7acf51\" data-element_type=\"widget\" data-widget_type=\"button.default\">\n\t\t\t\t<div class=\"elementor-widget-container\">\n\t\t\t\t\t<div class=\"elementor-button-wrapper\">\n\t\t\t<a class=\"elementor-button elementor-button-link elementor-size-sm\" href=\"https:\/\/catpied.fr\/?page_id=974\">\n\t\t\t\t\t\t<span class=\"elementor-button-content-wrapper\">\n\t\t\t\t\t\t<span class=\"elementor-button-text\">en savoir plus<\/span>\n\t\t<\/span>\n\t\t\t\t\t<\/a>\n\t\t<\/div>\n\t\t\t\t<\/div>\n\t\t\t\t<\/div>\n\t\t\t\t\t<\/div>\n\t\t<\/div>\n\t\t\t\t<div class=\"elementor-column elementor-col-50 elementor-top-column elementor-element elementor-element-b6273d2\" data-id=\"b6273d2\" data-element_type=\"column\">\n\t\t\t<div class=\"elementor-widget-wrap elementor-element-populated\">\n\t\t\t\t\t\t\t\t<div class=\"elementor-element elementor-element-5ec0558 elementor-widget elementor-widget-image\" data-id=\"5ec0558\" data-element_type=\"widget\" data-widget_type=\"image.default\">\n\t\t\t\t<div class=\"elementor-widget-container\">\n\t\t\t\t\t\t\t\t\t\t\t\t\t\t\t<img decoding=\"async\" loading=\"lazy\" width=\"300\" height=\"300\" src=\"https:\/\/catpied.fr\/wp-content\/uploads\/2023\/09\/collage-Paul-300x300.png\" class=\"attachment-medium size-medium wp-image-1371\" alt=\"\" srcset=\"https:\/\/catpied.fr\/wp-content\/uploads\/2023\/09\/collage-Paul-300x300.png 300w, https:\/\/catpied.fr\/wp-content\/uploads\/2023\/09\/collage-Paul-150x150.png 150w, https:\/\/catpied.fr\/wp-content\/uploads\/2023\/09\/collage-Paul-768x766.png 768w, https:\/\/catpied.fr\/wp-content\/uploads\/2023\/09\/collage-Paul-600x598.png 600w, https:\/\/catpied.fr\/wp-content\/uploads\/2023\/09\/collage-Paul-100x100.png 100w, https:\/\/catpied.fr\/wp-content\/uploads\/2023\/09\/collage-Paul.png 1024w\" sizes=\"(max-width: 300px) 100vw, 300px\" \/>\t\t\t\t\t\t\t\t\t\t\t\t\t\t\t<\/div>\n\t\t\t\t<\/div>\n\t\t\t\t\t<\/div>\n\t\t<\/div>\n\t\t\t\t\t\t\t<\/div>\n\t\t<\/section>\n\t\t\t\t\t\t\t<\/div>\n\t\t","protected":false},"excerpt":{"rendered":"<p>\u00catre artisan c&rsquo;est aussi transmettre Nous avons \u00e0 coeur d&rsquo;int\u00e9resser la jeune g\u00e9n\u00e9ration aux m\u00e9tiers du secteur de la mode qui ne se limitent pas au styliste et au mod\u00e9liste. Une entreprise de mode emploie des chefs de produit, des directeurs de collection, des prototypeurs, des graphistes &#8230;Nous souhaitons \u00e9galement transmettre nos savoirs \u00e0 toute [&hellip;]<\/p>\n","protected":false},"author":1,"featured_media":0,"parent":0,"menu_order":0,"comment_status":"closed","ping_status":"closed","template":"","meta":{"footnotes":""},"jetpack_sharing_enabled":true,"_links":{"self":[{"href":"https:\/\/catpied.fr\/index.php?rest_route=\/wp\/v2\/pages\/420"}],"collection":[{"href":"https:\/\/catpied.fr\/index.php?rest_route=\/wp\/v2\/pages"}],"about":[{"href":"https:\/\/catpied.fr\/index.php?rest_route=\/wp\/v2\/types\/page"}],"author":[{"embeddable":true,"href":"https:\/\/catpied.fr\/index.php?rest_route=\/wp\/v2\/users\/1"}],"replies":[{"embeddable":true,"href":"https:\/\/catpied.fr\/index.php?rest_route=%2Fwp%2Fv2%2Fcomments&post=420"}],"version-history":[{"count":124,"href":"https:\/\/catpied.fr\/index.php?rest_route=\/wp\/v2\/pages\/420\/revisions"}],"predecessor-version":[{"id":1638,"href":"https:\/\/catpied.fr\/index.php?rest_route=\/wp\/v2\/pages\/420\/revisions\/1638"}],"wp:attachment":[{"href":"https:\/\/catpied.fr\/index.php?rest_route=%2Fwp%2Fv2%2Fmedia&parent=420"}],"curies":[{"name":"wp","href":"https:\/\/api.w.org\/{rel}","templated":true}]}}