{"id":382,"date":"2022-09-22T12:43:49","date_gmt":"2022-09-22T10:43:49","guid":{"rendered":"http:\/\/catpied.fr\/?page_id=382"},"modified":"2022-10-24T19:09:37","modified_gmt":"2022-10-24T17:09:37","slug":"expositions","status":"publish","type":"page","link":"https:\/\/catpied.fr\/?page_id=382","title":{"rendered":"expositions"},"content":{"rendered":"\t\t<div data-elementor-type=\"wp-page\" data-elementor-id=\"382\" class=\"elementor elementor-382\">\n\t\t\t\t\t\t\t\t\t<section class=\"elementor-section elementor-top-section elementor-element elementor-element-16d1932 elementor-section-boxed elementor-section-height-default elementor-section-height-default\" data-id=\"16d1932\" data-element_type=\"section\">\n\t\t\t\t\t\t<div class=\"elementor-container elementor-column-gap-default\">\n\t\t\t\t\t<div class=\"elementor-column elementor-col-100 elementor-top-column elementor-element elementor-element-e6d3244\" data-id=\"e6d3244\" data-element_type=\"column\">\n\t\t\t<div class=\"elementor-widget-wrap elementor-element-populated\">\n\t\t\t\t\t\t\t\t<div class=\"elementor-element elementor-element-5c0ad43 elementor-widget elementor-widget-heading\" data-id=\"5c0ad43\" data-element_type=\"widget\" data-widget_type=\"heading.default\">\n\t\t\t\t<div class=\"elementor-widget-container\">\n\t\t\t<h2 class=\"elementor-heading-title elementor-size-default\">Expositions <\/h2>\t\t<\/div>\n\t\t\t\t<\/div>\n\t\t\t\t<div class=\"elementor-element elementor-element-79de1bf elementor-widget elementor-widget-text-editor\" data-id=\"79de1bf\" data-element_type=\"widget\" data-widget_type=\"text-editor.default\">\n\t\t\t\t<div class=\"elementor-widget-container\">\n\t\t\t\t\t\t\t<p style=\"text-align: left;\">\u00ab\u00a0un v\u00eatement \u00e7a ne s&rsquo;expose pas !\u00a0\u00bb<br \/>Sous entendu : un v\u00eatement n&rsquo;est pas une \u0153uvre d&rsquo;art.<br \/>Certes.<br \/>A l&rsquo;Atelier Catpied nous croyons cependant, qu&rsquo;un v\u00eatement est un compagnon, d&rsquo;une journ\u00e9e ou de toute une vie. Pas un animal de compagnie, mais plus qu&rsquo;un objet. Un \u00ab\u00a0accompagnon\u00a0\u00bb en quelque sorte.<br \/>Ni luxueux objet de mode, ni d\u00e9chets de l&rsquo;industrie de la fast-fashion,\u00a0 nos v\u00eatements portent des savoir-faire. Nous croyons que ces r\u00e9flexions, techniques, gestes, qui proc\u00e8dent de leur fabrication m\u00e9ritent, eux, d&rsquo;\u00eatre expos\u00e9s.<br \/>Et ce faisant, de changer le regard que l&rsquo;on porte sur un v\u00eatement.<\/p>\t\t\t\t\t\t<\/div>\n\t\t\t\t<\/div>\n\t\t\t\t<div class=\"elementor-element elementor-element-3ee61fc elementor-widget elementor-widget-spacer\" data-id=\"3ee61fc\" data-element_type=\"widget\" data-widget_type=\"spacer.default\">\n\t\t\t\t<div class=\"elementor-widget-container\">\n\t\t\t\t\t<div class=\"elementor-spacer\">\n\t\t\t<div class=\"elementor-spacer-inner\"><\/div>\n\t\t<\/div>\n\t\t\t\t<\/div>\n\t\t\t\t<\/div>\n\t\t\t\t\t<\/div>\n\t\t<\/div>\n\t\t\t\t\t\t\t<\/div>\n\t\t<\/section>\n\t\t\t\t<section class=\"elementor-section elementor-top-section elementor-element elementor-element-081edca elementor-section-content-middle elementor-section-boxed elementor-section-height-default elementor-section-height-default\" data-id=\"081edca\" data-element_type=\"section\">\n\t\t\t\t\t\t<div class=\"elementor-container elementor-column-gap-default\">\n\t\t\t\t\t<div class=\"elementor-column elementor-col-50 elementor-top-column elementor-element elementor-element-4cc53a5\" data-id=\"4cc53a5\" data-element_type=\"column\">\n\t\t\t<div class=\"elementor-widget-wrap elementor-element-populated\">\n\t\t\t\t\t\t\t\t<div class=\"elementor-element elementor-element-e532101 elementor-widget elementor-widget-image\" data-id=\"e532101\" data-element_type=\"widget\" data-widget_type=\"image.default\">\n\t\t\t\t<div class=\"elementor-widget-container\">\n\t\t\t\t\t\t\t\t\t\t\t\t\t\t\t<img decoding=\"async\" loading=\"lazy\" width=\"1024\" height=\"550\" src=\"https:\/\/catpied.fr\/wp-content\/uploads\/2022\/10\/Balloons-2022-Silhouette-craie-1024x550.jpg\" class=\"attachment-large size-large wp-image-1273\" alt=\"\" srcset=\"https:\/\/catpied.fr\/wp-content\/uploads\/2022\/10\/Balloons-2022-Silhouette-craie-1024x550.jpg 1024w, https:\/\/catpied.fr\/wp-content\/uploads\/2022\/10\/Balloons-2022-Silhouette-craie-300x161.jpg 300w, https:\/\/catpied.fr\/wp-content\/uploads\/2022\/10\/Balloons-2022-Silhouette-craie-768x413.jpg 768w, https:\/\/catpied.fr\/wp-content\/uploads\/2022\/10\/Balloons-2022-Silhouette-craie-600x322.jpg 600w, https:\/\/catpied.fr\/wp-content\/uploads\/2022\/10\/Balloons-2022-Silhouette-craie.jpg 1500w\" sizes=\"(max-width: 1024px) 100vw, 1024px\" \/>\t\t\t\t\t\t\t\t\t\t\t\t\t\t\t<\/div>\n\t\t\t\t<\/div>\n\t\t\t\t\t<\/div>\n\t\t<\/div>\n\t\t\t\t<div class=\"elementor-column elementor-col-50 elementor-top-column elementor-element elementor-element-308f0d6\" data-id=\"308f0d6\" data-element_type=\"column\">\n\t\t\t<div class=\"elementor-widget-wrap elementor-element-populated\">\n\t\t\t\t\t\t\t\t<div class=\"elementor-element elementor-element-15a1e05 elementor-widget elementor-widget-heading\" data-id=\"15a1e05\" data-element_type=\"widget\" data-widget_type=\"heading.default\">\n\t\t\t\t<div class=\"elementor-widget-container\">\n\t\t\t<h2 class=\"elementor-heading-title elementor-size-default\">The Catwalk Paintings<\/h2>\t\t<\/div>\n\t\t\t\t<\/div>\n\t\t\t\t<div class=\"elementor-element elementor-element-ceb384a elementor-widget elementor-widget-text-editor\" data-id=\"ceb384a\" data-element_type=\"widget\" data-widget_type=\"text-editor.default\">\n\t\t\t\t<div class=\"elementor-widget-container\">\n\t\t\t\t\t\t\t<p style=\"text-align: center;\"><strong>Exposition avec Johann Ollivier, artiste peintre.<\/strong><br \/>&#8211;<br \/>Lorient, juin 2022<br \/>&#8211;<br \/>L&rsquo;exposition a lieu dans un local commercial en transition, la structure du faux plafond est apparente, les murs noirs sont perc\u00e9s de clous et de chevilles. Johann a install\u00e9 ses platines, une (petite) partie de sa collection de vinyles, et son ampli fait office d&rsquo;enceinte.<br \/>Face \u00e0 ses \u00ab\u00a0balloons\u00a0\u00bb hyper color\u00e9s, nos silhouettes se balancent doucement, opposant leur d\u00e9licatesse \u00e0 l&rsquo;\u00e9nergie explosive des tableaux.<\/p>\t\t\t\t\t\t<\/div>\n\t\t\t\t<\/div>\n\t\t\t\t\t<\/div>\n\t\t<\/div>\n\t\t\t\t\t\t\t<\/div>\n\t\t<\/section>\n\t\t\t\t\t\t\t<\/div>\n\t\t","protected":false},"excerpt":{"rendered":"<p>Expositions \u00ab\u00a0un v\u00eatement \u00e7a ne s&rsquo;expose pas !\u00a0\u00bbSous entendu : un v\u00eatement n&rsquo;est pas une \u0153uvre d&rsquo;art.Certes.A l&rsquo;Atelier Catpied nous croyons cependant, qu&rsquo;un v\u00eatement est un compagnon, d&rsquo;une journ\u00e9e ou de toute une vie. Pas un animal de compagnie, mais plus qu&rsquo;un objet. Un \u00ab\u00a0accompagnon\u00a0\u00bb en quelque sorte.Ni luxueux objet de mode, ni d\u00e9chets de [&hellip;]<\/p>\n","protected":false},"author":1,"featured_media":0,"parent":0,"menu_order":0,"comment_status":"closed","ping_status":"closed","template":"","meta":{"footnotes":""},"jetpack_sharing_enabled":true,"_links":{"self":[{"href":"https:\/\/catpied.fr\/index.php?rest_route=\/wp\/v2\/pages\/382"}],"collection":[{"href":"https:\/\/catpied.fr\/index.php?rest_route=\/wp\/v2\/pages"}],"about":[{"href":"https:\/\/catpied.fr\/index.php?rest_route=\/wp\/v2\/types\/page"}],"author":[{"embeddable":true,"href":"https:\/\/catpied.fr\/index.php?rest_route=\/wp\/v2\/users\/1"}],"replies":[{"embeddable":true,"href":"https:\/\/catpied.fr\/index.php?rest_route=%2Fwp%2Fv2%2Fcomments&post=382"}],"version-history":[{"count":28,"href":"https:\/\/catpied.fr\/index.php?rest_route=\/wp\/v2\/pages\/382\/revisions"}],"predecessor-version":[{"id":1288,"href":"https:\/\/catpied.fr\/index.php?rest_route=\/wp\/v2\/pages\/382\/revisions\/1288"}],"wp:attachment":[{"href":"https:\/\/catpied.fr\/index.php?rest_route=%2Fwp%2Fv2%2Fmedia&parent=382"}],"curies":[{"name":"wp","href":"https:\/\/api.w.org\/{rel}","templated":true}]}}