{"id":372,"date":"2022-09-22T12:21:50","date_gmt":"2022-09-22T10:21:50","guid":{"rendered":"http:\/\/catpied.fr\/?page_id=372"},"modified":"2022-10-24T18:43:39","modified_gmt":"2022-10-24T16:43:39","slug":"collection-permanente","status":"publish","type":"page","link":"https:\/\/catpied.fr\/?page_id=372","title":{"rendered":"collection permanente"},"content":{"rendered":"\t\t<div data-elementor-type=\"wp-page\" data-elementor-id=\"372\" class=\"elementor elementor-372\">\n\t\t\t\t\t\t\t\t\t<section class=\"elementor-section elementor-top-section elementor-element elementor-element-9e05eab elementor-section-boxed elementor-section-height-default elementor-section-height-default\" data-id=\"9e05eab\" data-element_type=\"section\">\n\t\t\t\t\t\t<div class=\"elementor-container elementor-column-gap-default\">\n\t\t\t\t\t<div class=\"elementor-column elementor-col-100 elementor-top-column elementor-element elementor-element-5d05c26\" data-id=\"5d05c26\" data-element_type=\"column\">\n\t\t\t<div class=\"elementor-widget-wrap elementor-element-populated\">\n\t\t\t\t\t\t\t\t<div class=\"elementor-element elementor-element-1c80af0 elementor-widget elementor-widget-heading\" data-id=\"1c80af0\" data-element_type=\"widget\" data-widget_type=\"heading.default\">\n\t\t\t\t<div class=\"elementor-widget-container\">\n\t\t\t<h2 class=\"elementor-heading-title elementor-size-default\">Une collection de mod\u00e8les fabriqu\u00e9s \u00e0 la demande.<\/h2>\t\t<\/div>\n\t\t\t\t<\/div>\n\t\t\t\t<div class=\"elementor-element elementor-element-7c3e2a2 elementor-widget elementor-widget-text-editor\" data-id=\"7c3e2a2\" data-element_type=\"widget\" data-widget_type=\"text-editor.default\">\n\t\t\t\t<div class=\"elementor-widget-container\">\n\t\t\t\t\t\t\t<p>La collection grandit au fur et \u00e0 mesure du temps, des expositions, \u00e9v\u00e8nements, etc &#8230;<br \/>&#8211; Les mod\u00e8les pr\u00e9sent\u00e9s ici sont bien s\u00fbr en vente<br \/>&#8211; Ils peuvent aussi \u00eatre fabriqu\u00e9s \u00e0 la commande. Pour ce faire vous achetez la mati\u00e8re de votre choix ou vous s\u00e9lectionnez dans votre garde-robe les v\u00eatements que vous ne portez plus et qui seront transform\u00e9s afin de fabriquer le mod\u00e8le.<\/p><p><a href=\"https:\/\/catpied.fr\/?page_id=849\">Quel que soit votre projet, contactez-moi !<\/a><\/p>\t\t\t\t\t\t<\/div>\n\t\t\t\t<\/div>\n\t\t\t\t\t<\/div>\n\t\t<\/div>\n\t\t\t\t\t\t\t<\/div>\n\t\t<\/section>\n\t\t\t\t<section class=\"elementor-section elementor-top-section elementor-element elementor-element-81848a1 elementor-section-boxed elementor-section-height-default elementor-section-height-default\" data-id=\"81848a1\" data-element_type=\"section\">\n\t\t\t\t\t\t<div class=\"elementor-container elementor-column-gap-default\">\n\t\t\t\t\t<div class=\"elementor-column elementor-col-33 elementor-top-column elementor-element elementor-element-040c55f\" data-id=\"040c55f\" data-element_type=\"column\">\n\t\t\t<div class=\"elementor-widget-wrap elementor-element-populated\">\n\t\t\t\t\t\t\t\t<div class=\"elementor-element elementor-element-3ab5770 elementor-widget elementor-widget-image\" data-id=\"3ab5770\" data-element_type=\"widget\" data-widget_type=\"image.default\">\n\t\t\t\t<div class=\"elementor-widget-container\">\n\t\t\t\t\t\t\t\t\t\t\t\t\t\t\t\t<a href=\"https:\/\/catpied.fr\/?page_id=829\">\n\t\t\t\t\t\t\t<img decoding=\"async\" loading=\"lazy\" width=\"775\" height=\"1024\" src=\"https:\/\/catpied.fr\/wp-content\/uploads\/2022\/10\/manteaux-775x1024.jpg\" class=\"attachment-large size-large wp-image-1241\" alt=\"\" srcset=\"https:\/\/catpied.fr\/wp-content\/uploads\/2022\/10\/manteaux-775x1024.jpg 775w, https:\/\/catpied.fr\/wp-content\/uploads\/2022\/10\/manteaux-227x300.jpg 227w, https:\/\/catpied.fr\/wp-content\/uploads\/2022\/10\/manteaux-768x1015.jpg 768w, https:\/\/catpied.fr\/wp-content\/uploads\/2022\/10\/manteaux-600x793.jpg 600w, https:\/\/catpied.fr\/wp-content\/uploads\/2022\/10\/manteaux.jpg 1000w\" sizes=\"(max-width: 775px) 100vw, 775px\" \/>\t\t\t\t\t\t\t\t<\/a>\n\t\t\t\t\t\t\t\t\t\t\t\t\t\t\t<\/div>\n\t\t\t\t<\/div>\n\t\t\t\t\t<\/div>\n\t\t<\/div>\n\t\t\t\t<div class=\"elementor-column elementor-col-33 elementor-top-column elementor-element elementor-element-346927d\" data-id=\"346927d\" data-element_type=\"column\">\n\t\t\t<div class=\"elementor-widget-wrap elementor-element-populated\">\n\t\t\t\t\t\t\t\t<div class=\"elementor-element elementor-element-d2a87a5 elementor-widget elementor-widget-image\" data-id=\"d2a87a5\" data-element_type=\"widget\" data-widget_type=\"image.default\">\n\t\t\t\t<div class=\"elementor-widget-container\">\n\t\t\t\t\t\t\t\t\t\t\t\t\t\t\t\t<a href=\"https:\/\/catpied.fr\/?page_id=834\">\n\t\t\t\t\t\t\t<img decoding=\"async\" loading=\"lazy\" width=\"764\" height=\"1024\" src=\"https:\/\/catpied.fr\/wp-content\/uploads\/2022\/10\/vestes-764x1024.jpg\" class=\"attachment-large size-large wp-image-1244\" alt=\"\" srcset=\"https:\/\/catpied.fr\/wp-content\/uploads\/2022\/10\/vestes-764x1024.jpg 764w, https:\/\/catpied.fr\/wp-content\/uploads\/2022\/10\/vestes-224x300.jpg 224w, https:\/\/catpied.fr\/wp-content\/uploads\/2022\/10\/vestes-768x1030.jpg 768w, https:\/\/catpied.fr\/wp-content\/uploads\/2022\/10\/vestes-600x805.jpg 600w, https:\/\/catpied.fr\/wp-content\/uploads\/2022\/10\/vestes.jpg 1000w\" sizes=\"(max-width: 764px) 100vw, 764px\" \/>\t\t\t\t\t\t\t\t<\/a>\n\t\t\t\t\t\t\t\t\t\t\t\t\t\t\t<\/div>\n\t\t\t\t<\/div>\n\t\t\t\t\t<\/div>\n\t\t<\/div>\n\t\t\t\t<div class=\"elementor-column elementor-col-33 elementor-top-column elementor-element elementor-element-216ea42\" data-id=\"216ea42\" data-element_type=\"column\">\n\t\t\t<div class=\"elementor-widget-wrap elementor-element-populated\">\n\t\t\t\t\t\t\t\t<div class=\"elementor-element elementor-element-77fabe2 elementor-widget elementor-widget-image\" data-id=\"77fabe2\" data-element_type=\"widget\" data-widget_type=\"image.default\">\n\t\t\t\t<div class=\"elementor-widget-container\">\n\t\t\t\t\t\t\t\t\t\t\t\t\t\t\t\t<a href=\"https:\/\/catpied.fr\/?page_id=871\">\n\t\t\t\t\t\t\t<img decoding=\"async\" loading=\"lazy\" width=\"780\" height=\"1024\" src=\"https:\/\/catpied.fr\/wp-content\/uploads\/2022\/10\/pantalons-780x1024.jpg\" class=\"attachment-large size-large wp-image-1242\" alt=\"\" srcset=\"https:\/\/catpied.fr\/wp-content\/uploads\/2022\/10\/pantalons-780x1024.jpg 780w, https:\/\/catpied.fr\/wp-content\/uploads\/2022\/10\/pantalons-229x300.jpg 229w, https:\/\/catpied.fr\/wp-content\/uploads\/2022\/10\/pantalons-768x1008.jpg 768w, https:\/\/catpied.fr\/wp-content\/uploads\/2022\/10\/pantalons-600x787.jpg 600w, https:\/\/catpied.fr\/wp-content\/uploads\/2022\/10\/pantalons.jpg 1000w\" sizes=\"(max-width: 780px) 100vw, 780px\" \/>\t\t\t\t\t\t\t\t<\/a>\n\t\t\t\t\t\t\t\t\t\t\t\t\t\t\t<\/div>\n\t\t\t\t<\/div>\n\t\t\t\t\t<\/div>\n\t\t<\/div>\n\t\t\t\t\t\t\t<\/div>\n\t\t<\/section>\n\t\t\t\t<section class=\"elementor-section elementor-top-section elementor-element elementor-element-9e432be elementor-section-boxed elementor-section-height-default elementor-section-height-default\" data-id=\"9e432be\" data-element_type=\"section\">\n\t\t\t\t\t\t<div class=\"elementor-container elementor-column-gap-default\">\n\t\t\t\t\t<div class=\"elementor-column elementor-col-33 elementor-top-column elementor-element elementor-element-2767749\" data-id=\"2767749\" data-element_type=\"column\">\n\t\t\t<div class=\"elementor-widget-wrap elementor-element-populated\">\n\t\t\t\t\t\t\t\t<div class=\"elementor-element elementor-element-9ff8c08 elementor-widget elementor-widget-image\" data-id=\"9ff8c08\" data-element_type=\"widget\" data-widget_type=\"image.default\">\n\t\t\t\t<div class=\"elementor-widget-container\">\n\t\t\t\t\t\t\t\t\t\t\t\t\t\t\t\t<a href=\"https:\/\/catpied.fr\/?page_id=842\">\n\t\t\t\t\t\t\t<img decoding=\"async\" loading=\"lazy\" width=\"775\" height=\"1024\" src=\"https:\/\/catpied.fr\/wp-content\/uploads\/2022\/10\/robes-775x1024.jpg\" class=\"attachment-large size-large wp-image-1243\" alt=\"\" srcset=\"https:\/\/catpied.fr\/wp-content\/uploads\/2022\/10\/robes-775x1024.jpg 775w, https:\/\/catpied.fr\/wp-content\/uploads\/2022\/10\/robes-227x300.jpg 227w, https:\/\/catpied.fr\/wp-content\/uploads\/2022\/10\/robes-768x1015.jpg 768w, https:\/\/catpied.fr\/wp-content\/uploads\/2022\/10\/robes-600x793.jpg 600w, https:\/\/catpied.fr\/wp-content\/uploads\/2022\/10\/robes.jpg 1000w\" sizes=\"(max-width: 775px) 100vw, 775px\" \/>\t\t\t\t\t\t\t\t<\/a>\n\t\t\t\t\t\t\t\t\t\t\t\t\t\t\t<\/div>\n\t\t\t\t<\/div>\n\t\t\t\t\t<\/div>\n\t\t<\/div>\n\t\t\t\t<div class=\"elementor-column elementor-col-33 elementor-top-column elementor-element elementor-element-071a342\" data-id=\"071a342\" data-element_type=\"column\">\n\t\t\t<div class=\"elementor-widget-wrap elementor-element-populated\">\n\t\t\t\t\t\t\t\t<div class=\"elementor-element elementor-element-b0d5f6a elementor-widget elementor-widget-image\" data-id=\"b0d5f6a\" data-element_type=\"widget\" data-widget_type=\"image.default\">\n\t\t\t\t<div class=\"elementor-widget-container\">\n\t\t\t\t\t\t\t\t\t\t\t\t\t\t\t\t<a href=\"https:\/\/catpied.fr\/?page_id=876\">\n\t\t\t\t\t\t\t<img decoding=\"async\" loading=\"lazy\" width=\"776\" height=\"1024\" src=\"https:\/\/catpied.fr\/wp-content\/uploads\/2022\/10\/jupes-776x1024.jpg\" class=\"attachment-large size-large wp-image-1240\" alt=\"\" srcset=\"https:\/\/catpied.fr\/wp-content\/uploads\/2022\/10\/jupes-776x1024.jpg 776w, https:\/\/catpied.fr\/wp-content\/uploads\/2022\/10\/jupes-227x300.jpg 227w, https:\/\/catpied.fr\/wp-content\/uploads\/2022\/10\/jupes-768x1014.jpg 768w, https:\/\/catpied.fr\/wp-content\/uploads\/2022\/10\/jupes-600x792.jpg 600w, https:\/\/catpied.fr\/wp-content\/uploads\/2022\/10\/jupes.jpg 1000w\" sizes=\"(max-width: 776px) 100vw, 776px\" \/>\t\t\t\t\t\t\t\t<\/a>\n\t\t\t\t\t\t\t\t\t\t\t\t\t\t\t<\/div>\n\t\t\t\t<\/div>\n\t\t\t\t\t<\/div>\n\t\t<\/div>\n\t\t\t\t<div class=\"elementor-column elementor-col-33 elementor-top-column elementor-element elementor-element-129502f\" data-id=\"129502f\" data-element_type=\"column\">\n\t\t\t<div class=\"elementor-widget-wrap elementor-element-populated\">\n\t\t\t\t\t\t\t\t<div class=\"elementor-element elementor-element-895cbc1 elementor-widget elementor-widget-image\" data-id=\"895cbc1\" data-element_type=\"widget\" data-widget_type=\"image.default\">\n\t\t\t\t<div class=\"elementor-widget-container\">\n\t\t\t\t\t\t\t\t\t\t\t\t\t\t\t\t<a href=\"https:\/\/catpied.fr\/?page_id=881\">\n\t\t\t\t\t\t\t<img decoding=\"async\" loading=\"lazy\" width=\"776\" height=\"1024\" src=\"https:\/\/catpied.fr\/wp-content\/uploads\/2022\/10\/blouses-et-chemises-776x1024.jpg\" class=\"attachment-large size-large wp-image-1236\" alt=\"\" srcset=\"https:\/\/catpied.fr\/wp-content\/uploads\/2022\/10\/blouses-et-chemises-776x1024.jpg 776w, https:\/\/catpied.fr\/wp-content\/uploads\/2022\/10\/blouses-et-chemises-227x300.jpg 227w, https:\/\/catpied.fr\/wp-content\/uploads\/2022\/10\/blouses-et-chemises-768x1014.jpg 768w, https:\/\/catpied.fr\/wp-content\/uploads\/2022\/10\/blouses-et-chemises-600x792.jpg 600w, https:\/\/catpied.fr\/wp-content\/uploads\/2022\/10\/blouses-et-chemises.jpg 1000w\" sizes=\"(max-width: 776px) 100vw, 776px\" \/>\t\t\t\t\t\t\t\t<\/a>\n\t\t\t\t\t\t\t\t\t\t\t\t\t\t\t<\/div>\n\t\t\t\t<\/div>\n\t\t\t\t\t<\/div>\n\t\t<\/div>\n\t\t\t\t\t\t\t<\/div>\n\t\t<\/section>\n\t\t\t\t<section class=\"elementor-section elementor-top-section elementor-element elementor-element-7d8d5a4 elementor-section-boxed elementor-section-height-default elementor-section-height-default\" data-id=\"7d8d5a4\" data-element_type=\"section\">\n\t\t\t\t\t\t<div class=\"elementor-container elementor-column-gap-default\">\n\t\t\t\t\t<div class=\"elementor-column elementor-col-33 elementor-top-column elementor-element elementor-element-1a78866\" data-id=\"1a78866\" data-element_type=\"column\">\n\t\t\t<div class=\"elementor-widget-wrap elementor-element-populated\">\n\t\t\t\t\t\t\t\t<div class=\"elementor-element elementor-element-83b6d07 elementor-widget elementor-widget-image\" data-id=\"83b6d07\" data-element_type=\"widget\" data-widget_type=\"image.default\">\n\t\t\t\t<div class=\"elementor-widget-container\">\n\t\t\t\t\t\t\t\t\t\t\t\t\t\t\t\t<a href=\"https:\/\/catpied.fr\/?page_id=886\">\n\t\t\t\t\t\t\t<img decoding=\"async\" loading=\"lazy\" width=\"776\" height=\"1024\" src=\"https:\/\/catpied.fr\/wp-content\/uploads\/2022\/10\/hauts-et-tee-shirts-776x1024.jpg\" class=\"attachment-large size-large wp-image-1239\" alt=\"\" srcset=\"https:\/\/catpied.fr\/wp-content\/uploads\/2022\/10\/hauts-et-tee-shirts-776x1024.jpg 776w, https:\/\/catpied.fr\/wp-content\/uploads\/2022\/10\/hauts-et-tee-shirts-227x300.jpg 227w, https:\/\/catpied.fr\/wp-content\/uploads\/2022\/10\/hauts-et-tee-shirts-768x1014.jpg 768w, https:\/\/catpied.fr\/wp-content\/uploads\/2022\/10\/hauts-et-tee-shirts-600x792.jpg 600w, https:\/\/catpied.fr\/wp-content\/uploads\/2022\/10\/hauts-et-tee-shirts.jpg 1000w\" sizes=\"(max-width: 776px) 100vw, 776px\" \/>\t\t\t\t\t\t\t\t<\/a>\n\t\t\t\t\t\t\t\t\t\t\t\t\t\t\t<\/div>\n\t\t\t\t<\/div>\n\t\t\t\t\t<\/div>\n\t\t<\/div>\n\t\t\t\t<div class=\"elementor-column elementor-col-33 elementor-top-column elementor-element elementor-element-3710b32\" data-id=\"3710b32\" data-element_type=\"column\">\n\t\t\t<div class=\"elementor-widget-wrap elementor-element-populated\">\n\t\t\t\t\t\t\t\t<div class=\"elementor-element elementor-element-c903bfa elementor-widget elementor-widget-image\" data-id=\"c903bfa\" data-element_type=\"widget\" data-widget_type=\"image.default\">\n\t\t\t\t<div class=\"elementor-widget-container\">\n\t\t\t\t\t\t\t\t\t\t\t\t\t\t\t\t<a href=\"https:\/\/catpied.fr\/?page_id=891\">\n\t\t\t\t\t\t\t<img decoding=\"async\" loading=\"lazy\" width=\"771\" height=\"1024\" src=\"https:\/\/catpied.fr\/wp-content\/uploads\/2022\/10\/gilets-1-771x1024.jpg\" class=\"attachment-large size-large wp-image-1238\" alt=\"\" srcset=\"https:\/\/catpied.fr\/wp-content\/uploads\/2022\/10\/gilets-1-771x1024.jpg 771w, https:\/\/catpied.fr\/wp-content\/uploads\/2022\/10\/gilets-1-226x300.jpg 226w, https:\/\/catpied.fr\/wp-content\/uploads\/2022\/10\/gilets-1-768x1021.jpg 768w, https:\/\/catpied.fr\/wp-content\/uploads\/2022\/10\/gilets-1-600x797.jpg 600w, https:\/\/catpied.fr\/wp-content\/uploads\/2022\/10\/gilets-1.jpg 1000w\" sizes=\"(max-width: 771px) 100vw, 771px\" \/>\t\t\t\t\t\t\t\t<\/a>\n\t\t\t\t\t\t\t\t\t\t\t\t\t\t\t<\/div>\n\t\t\t\t<\/div>\n\t\t\t\t\t<\/div>\n\t\t<\/div>\n\t\t\t\t<div class=\"elementor-column elementor-col-33 elementor-top-column elementor-element elementor-element-658ac37\" data-id=\"658ac37\" data-element_type=\"column\">\n\t\t\t<div class=\"elementor-widget-wrap elementor-element-populated\">\n\t\t\t\t\t\t\t\t<div class=\"elementor-element elementor-element-2216893 elementor-widget elementor-widget-image\" data-id=\"2216893\" data-element_type=\"widget\" data-widget_type=\"image.default\">\n\t\t\t\t<div class=\"elementor-widget-container\">\n\t\t\t\t\t\t\t\t\t\t\t\t\t\t\t\t<a href=\"https:\/\/catpied.fr\/?page_id=896\">\n\t\t\t\t\t\t\t<img decoding=\"async\" loading=\"lazy\" width=\"773\" height=\"1024\" src=\"https:\/\/catpied.fr\/wp-content\/uploads\/2022\/10\/accessoires-773x1024.jpg\" class=\"attachment-large size-large wp-image-1235\" alt=\"\" srcset=\"https:\/\/catpied.fr\/wp-content\/uploads\/2022\/10\/accessoires-773x1024.jpg 773w, https:\/\/catpied.fr\/wp-content\/uploads\/2022\/10\/accessoires-227x300.jpg 227w, https:\/\/catpied.fr\/wp-content\/uploads\/2022\/10\/accessoires-768x1017.jpg 768w, https:\/\/catpied.fr\/wp-content\/uploads\/2022\/10\/accessoires-600x794.jpg 600w, https:\/\/catpied.fr\/wp-content\/uploads\/2022\/10\/accessoires.jpg 1000w\" sizes=\"(max-width: 773px) 100vw, 773px\" \/>\t\t\t\t\t\t\t\t<\/a>\n\t\t\t\t\t\t\t\t\t\t\t\t\t\t\t<\/div>\n\t\t\t\t<\/div>\n\t\t\t\t\t<\/div>\n\t\t<\/div>\n\t\t\t\t\t\t\t<\/div>\n\t\t<\/section>\n\t\t\t\t\t\t\t<\/div>\n\t\t","protected":false},"excerpt":{"rendered":"<p>Une collection de mod\u00e8les fabriqu\u00e9s \u00e0 la demande. La collection grandit au fur et \u00e0 mesure du temps, des expositions, \u00e9v\u00e8nements, etc &#8230;&#8211; Les mod\u00e8les pr\u00e9sent\u00e9s ici sont bien s\u00fbr en vente&#8211; Ils peuvent aussi \u00eatre fabriqu\u00e9s \u00e0 la commande. Pour ce faire vous achetez la mati\u00e8re de votre choix ou vous s\u00e9lectionnez dans votre [&hellip;]<\/p>\n","protected":false},"author":1,"featured_media":0,"parent":0,"menu_order":0,"comment_status":"closed","ping_status":"closed","template":"","meta":{"footnotes":""},"jetpack_sharing_enabled":true,"_links":{"self":[{"href":"https:\/\/catpied.fr\/index.php?rest_route=\/wp\/v2\/pages\/372"}],"collection":[{"href":"https:\/\/catpied.fr\/index.php?rest_route=\/wp\/v2\/pages"}],"about":[{"href":"https:\/\/catpied.fr\/index.php?rest_route=\/wp\/v2\/types\/page"}],"author":[{"embeddable":true,"href":"https:\/\/catpied.fr\/index.php?rest_route=\/wp\/v2\/users\/1"}],"replies":[{"embeddable":true,"href":"https:\/\/catpied.fr\/index.php?rest_route=%2Fwp%2Fv2%2Fcomments&post=372"}],"version-history":[{"count":83,"href":"https:\/\/catpied.fr\/index.php?rest_route=\/wp\/v2\/pages\/372\/revisions"}],"predecessor-version":[{"id":1271,"href":"https:\/\/catpied.fr\/index.php?rest_route=\/wp\/v2\/pages\/372\/revisions\/1271"}],"wp:attachment":[{"href":"https:\/\/catpied.fr\/index.php?rest_route=%2Fwp%2Fv2%2Fmedia&parent=372"}],"curies":[{"name":"wp","href":"https:\/\/api.w.org\/{rel}","templated":true}]}}